t is the tens digit of n?
1
What is the tens digit of 1*(30 + 1 + 2)?
3
Let v be (-19)/4 + 1/(-4). Let n = 8 - 5. Let o = n - v. What is the units digit of o?
8
Let z = -1 - -36. What is the units digit of z?
5
Let j(i) = 7*i**2 - 4. Let n be j(3). Suppose 5*r = -n + 314. What is the units digit of r?
1
Let s = -123 + 203. What is the tens digit of s?
8
Suppose -4*x = 5*m - 97, 4*x - 8*x + 4*m = -52. Suppose x - 2 = 4*w. What is the units digit of w?
4
Let x be (1/(-2))/((-3)/(-36)). Let r be (-4)/x - (-3)/9. What is the units digit of -1 - -1 - (-3 - r)?
4
Let i(o) = -o - 3. Let n be i(-6). Let a(y) = -y**3 + y**2 + y + 3. Let s be a(0). Suppose 2*u - s = n. What is the units digit of u?
3
Let k(y) = -y**3 + 9*y**2 - 2*y + 2. Let r be k(9). Let v = r - -50. What is the units digit of v?
4
Suppose 6*n = 9*n - 9. What is the tens digit of 16 - (1 + n + -1)?
1
Suppose 0 = 2*k - 6*k + 12. Let l be ((-6)/15)/(k/(-15)). What is the units digit of -2 - -1 - l - -4?
1
Let o = -82 - -123. Suppose o = 2*b - 9. What is the tens digit of b?
2
Let p(y) = 5*y - 21. What is the units digit of p(15)?
4
Suppose 4*x + 51 = x. Let s = -12 - x. What is the units digit of s?
5
Suppose -z - 4*z + 15 = 0, 2*p - z = 25. What is the tens digit of p?
1
Let a = 498 - 239. What is the hundreds digit of a?
2
Let d be (-1)/(3*(-3)/(-153)). Let m = -13 + 43. Let x = m + d. What is the tens digit of x?
1
Let x(u) = u**3 + 12*u**2 + 6*u + 9. What is the tens digit of x(-11)?
6
Let h(t) = 2*t**2 + 2*t + 1. What is the units digit of h(-3)?
3
Suppose y - 3*c = 0, 0 = 3*y - 6*c + 3*c - 6. Let f = 5 - y. Suppose 2*w = -f, -w = 3*q - 19 - 4. What is the units digit of q?
8
Suppose 0 = 2*w, 4*t + t + 3*w - 10 = 0. Suppose -t*o + o + 1 = 0. What is the units digit of o?
1
Let x = 23 - -52. What is the tens digit of x?
7
Suppose 0 = -4*j + 3*j + 4. Let o = j + 3. What is the units digit of o?
7
Let f = -58 - -128. What is the tens digit of f?
7
Let d(q) = q**3 + 5*q**2 - 8*q - 4. Let x be d(-6). Suppose 2*r - x + 0 = 0. What is the units digit of (r/(-10))/((-3)/90)?
2
Suppose f - 60 = -2*f. What is the tens digit of f?
2
Let x = -3 - -22. What is the tens digit of x?
1
Let d(s) = -s**3 - 7*s**2 - 4*s - 5. What is the units digit of d(-7)?
3
Suppose 3*q = h + 50, 0 = -3*q - h + 22 + 18. What is the tens digit of (-204)/(-15) + 6/q?
1
Let s = 19 - -15. Let u = 57 - s. What is the tens digit of u?
2
Let g = -2 - -6. Suppose 3 = -w + 2*k, -w - 2*w + 21 = 4*k. Suppose 0 = 3*n - g*n + w. What is the units digit of n?
3
Let j(l) = l - 4. Let w be j(9). Suppose 0*f - f = -5*k + 221, 2*k + w*f = 110. What is the units digit of k?
5
Let h = 69 + -47. What is the tens digit of h?
2
Suppose -a = 2, 5*t - t = -5*a + 178. Let s be 1/4 - 22/(-8). Suppose 5*g - 6*n - t = -s*n, -g = n - 11. What is the units digit of g?
0
Suppose -9 = -2*l - l. What is the units digit of -2*-21*l/6?
1
Let d(l) = -l**2 + 5*l + 7*l - 1 + 2*l - 7*l. Let k = 10 + -6. What is the units digit of d(k)?
1
Suppose 0 = -y - 4 + 48. What is the units digit of y?
4
Suppose 3*n = 5*f - 0*n - 1376, -4*f - n = -1111. What is the hundreds digit of f?
2
Let t(w) = w + 5. Let m be t(4). Suppose -5*b + m = -2*j, -5*b + 11 + 1 = -j. Let d(s) = -s**2 + 4*s - 1. What is the units digit of d(b)?
2
Suppose 5*h = 5*g - 335, 0 = 5*h - 10*h + 25. What is the tens digit of g?
7
Suppose 0 = 2*z + a - 63, 4*z = -z + 5*a + 180. What is the tens digit of z?
3
Let p be 225/6*2/3. What is the tens digit of -2*(-4)/8*p?
2
What is the units digit of (10/(-3))/((-3)/36)?
0
Let g(y) = 15*y**2 + y - 1. Let l = -1 - -2. What is the units digit of g(l)?
5
Suppose 0 = 3*r - 8*r + 105. What is the units digit of r?
1
Suppose 3*h = -x + 116, 2*h - h - 46 = -4*x. What is the tens digit of h?
3
What is the tens digit of 1/3 + 1148/21?
5
Let c(l) = 33*l**2 - l - 2. What is the units digit of c(-1)?
2
Suppose -3*o + 4*d + 31 = -2*o, 5*o - 2*d - 155 = 0. What is the tens digit of o?
3
Let n(w) = w**2 - 15*w + 18. What is the units digit of n(15)?
8
Let a(n) = -n + 2. Suppose 50 = 5*i - 0*i. Let u = i - 16. What is the units digit of a(u)?
8
Let x(j) = j**3 + 4*j**2 - 6*j - 3. Let p be x(-5). Suppose 3*v + 3*i - 76 = 8*i, 168 = 5*v + p*i. What is the tens digit of v?
3
Let t = -30 + 56. What is the units digit of t?
6
Let o = 97 - 66. What is the tens digit of o?
3
Suppose 3*r - 18 - 9 = 0. What is the units digit of r?
9
Let f = 5 - -15. What is the units digit of f?
0
Suppose -5*z = -3*m - 15, -2*z + 3*m + 9 = 2*z. Let v be (-20)/z + 6/(-9). Let f = v + 8. What is the units digit of f?
4
Let r(g) = -22*g + 3. Suppose 3*t + 1 = 2*t - w, 5*t + 5 = w. What is the units digit of r(t)?
5
Suppose 63 = 2*z + z. Suppose t = z + 2. What is the units digit of t?
3
Let d = -43 + 62. What is the tens digit of d?
1
What is the units digit of (6 - 38)/((-33)/9 - -3)?
8
Let y(s) = 3*s + 1. Let g be y(-1). Let d be 3*(-10)/(-6) + g. Suppose 4*q - 20 = -d*z + 2*z, -3*z - 20 = -4*q. What is the units digit of q?
5
Let z(f) = -2*f - 32. Let a(d) = -d - 11. Let g(r) = 14*a(r) - 5*z(r). What is the units digit of g(-3)?
8
Let q = -15 + 37. What is the units digit of q?
2
Suppose -39 = 4*a + 5*g, a = 5*g - 6 - 10. Let k = a + 15. What is the units digit of k?
4
Let x be 12*(1 - (-2)/(-4)). Suppose 2*o - 2*t - x = -0*o, -11 = -2*o - 3*t. Let s(f) = f**3 - 4*f**2 + 2*f - 3. What is the units digit of s(o)?
5
Let y(w) be the first derivative of 1/2*w**2 + w**3 + 1 + 2*w + 1/4*w**4. What is the units digit of y(-2)?
4
What is the tens digit of 2/(((-3)/(-42))/1)?
2
Suppose 3*u = -3*i - 27, 0 = -2*i - 4*u - 26 + 2. Let n = i + 3. Let a = -2 - n. What is the units digit of a?
1
Let y(c) = -c**2 + 24*c - 3. What is the hundreds digit of y(9)?
1
Let b be 88/10 - (-2)/10. Let w = b - 7. What is the units digit of w?
2
What is the units digit of (-7 + 82)*5/3 + 1?
6
Suppose x - w = 267, -x + 265 = 4*w - 3*w. What is the units digit of x?
6
Let b(t) = -6*t - 5. Let d(i) = i**2 - 1. Let c(p) = -b(p) + d(p). What is the units digit of c(-7)?
1
Let u(b) = b**2 + 7*b + 7. Let z be u(-5). Let c(w) be the third derivative of w**6/120 + w**5/20 - w**4/24 + w**3/6 + w**2. What is the units digit of c(z)?
4
Let t = -6 - -5. What is the units digit of (-2 - 0)*t/2?
1
Let r(a) be the second derivative of a**7/2520 - a**6/240 - a**5/24 - a**4/6 + a. Let t(k) be the third derivative of r(k). What is the units digit of t(5)?
5
Let n = -1 + 9. Let h be (-1)/(-1)*(-2 + n). Suppose -2*d = -h*d + 16. What is the units digit of d?
4
Let w = 46 - 11. What is the tens digit of w?
3
Let q be 1/5 + (-278)/(-10). Suppose -d - 4*t + 20 = 0, -q = -d - 3*d - 3*t. Suppose -2*f + d*f = 2. What is the units digit of f?
1
Let m(f) = 2*f**2 + f - 42. What is the hundreds digit of m(-12)?
2
What is the units digit of 2/(-4) - (-765)/34?
2
Let i(s) = 3*s**2 - 3*s - 11. What is the hundreds digit of i(-10)?
3
Let l = 109 + -50. What is the units digit of l?
9
Let p = 43 + -16. What is the tens digit of p?
2
Suppose 0 = 2*g - 7*g - 55. Let f = 50 + g. What is the tens digit of f?
3
Suppose -m + 3*j = 3 - 90, 0 = -m - 4*j + 87. Suppose -30 = -k + 2*b, k - m = -k - 5*b. What is the units digit of k?
6
Suppose -3 = -4*z + 5. Let j = -31 - z. What is the units digit of j/(-6) - 9/(-6)?
7
Suppose -c + 6*c = 5. Let d(a) = 2*a**2 + a. Let w be d(c). What is the units digit of (-8 + 1)*(w - 5)?
4
Suppose 0 = 4*j - 2*s, 2*j + 5 + 1 = 4*s. Suppose 5*w = -0*w + 5, -5*w - j = -p. What is the units digit of p?
6
Let x = -6 + 12. Let u = 9 + x. What is the units digit of u?
5
What is the units digit of (4 - 2)/((-2)/(-3))?
3
Let k = 425 - 162. What is the tens digit of k?
6
Let y(v) = v**2 - 9*v + 3. Let w be y(8). Let t be -2*w/((-10)/(-3)). Suppose 0 = 3*p - g - 43, 0*g = t*p + g - 53. What is the tens digit of p?
1
Suppose a - 5*o = -2 - 6, 0 = -4*o + 8. Let v(z) = 0*z - a + 5*z + 0. What is the units digit of v(2)?
8
Suppose -4*d + 5 = 3*m - 34, 4*m + 10 = 5*d. What is the units digit of (90/40)/(d/16)?
6
Suppose -3*u - 8 = -2. What is the tens digit of (-19)/u + 6/12?
1
Let q(h) = h**2 - 6*h - 5. Let m be q(7). What is the units digit of (m/(-1) + -2)*-2?
8
Let n = 7 + -2. Suppose 2*p - 54 = -m, n*m + 5*p = 258 + 37. Suppose -x = 0, 